437?
3
What is the ten thousands digit of 7072609?
7
What is the ten thousands digit of 2795629?
9
What is the thousands digit of 1928589?
8
What is the millions digit of 3668243?
3
What is the millions digit of 19987117?
9
What is the hundreds digit of 9180784?
7
What is the hundreds digit of 2591358?
3
What is the units digit of 97799?
9
What is the ten thousands digit of 995390?
9
What is the units digit of 82778?
8
What is the tens digit of 4948743?
4
What is the hundreds digit of 3287?
2
What is the tens digit of 522840?
4
What is the hundreds digit of 219535?
5
What is the tens digit of 61429?
2
What is the tens digit of 367689?
8
What is the hundred thousands digit of 166532?
1
What is the units digit of 11317084?
4
What is the thousands digit of 805739?
5
What is the hundreds digit of 1452809?
8
What is the units digit of 10976442?
2
What is the units digit of 914703?
3
What is the millions digit of 3714960?
3
What is the ten thousands digit of 133408?
3
What is the hundreds digit of 357136?
1
What is the hundreds digit of 146995?
9
What is the hundreds digit of 43101?
1
What is the tens digit of 741120?
2
What is the hundreds digit of 1591211?
2
What is the millions digit of 10879582?
0
What is the ten thousands digit of 282810?
8
What is the ten thousands digit of 44534?
4
What is the thousands digit of 1331651?
1
What is the thousands digit of 3768717?
8
What is the ten millions digit of 21912710?
2
What is the units digit of 20007250?
0
What is the thousands digit of 1228924?
8
What is the tens digit of 89738?
3
What is the hundred thousands digit of 3185587?
1
What is the units digit of 11042962?
2
What is the thousands digit of 576623?
6
What is the ten thousands digit of 19323157?
2
What is the tens digit of 4204790?
9
What is the hundred thousands digit of 853533?
8
What is the millions digit of 16079333?
6
What is the thousands digit of 3662751?
2
What is the hundreds digit of 603364?
3
What is the ten thousands digit of 1287389?
8
What is the tens digit of 523899?
9
What is the units digit of 58557?
7
What is the tens digit of 384016?
1
What is the hundreds digit of 1119143?
1
What is the units digit of 3803247?
7
What is the hundred thousands digit of 865518?
8
What is the thousands digit of 585480?
5
What is the millions digit of 2230940?
2
What is the thousands digit of 134167?
4
What is the thousands digit of 6909449?
9
What is the thousands digit of 1801685?
1
What is the tens digit of 72821?
2
What is the units digit of 1911177?
7
What is the ten thousands digit of 3096326?
9
What is the thousands digit of 618887?
8
What is the units digit of 209606?
6
What is the millions digit of 5941992?
5
What is the units digit of 597344?
4
What is the hundred thousands digit of 1008284?
0
What is the hundreds digit of 3984454?
4
What is the hundreds digit of 159740?
7
What is the thousands digit of 170821?
0
What is the tens digit of 1391647?
4
What is the ten thousands digit of 20972484?
7
What is the hundreds digit of 28339476?
4
What is the hundred thousands digit of 487796?
4
What is the thousands digit of 731840?
1
What is the hundreds digit of 41442?
4
What is the hundreds digit of 8418484?
4
What is the tens digit of 2050965?
6
What is the ten millions digit of 21578629?
2
What is the hundred thousands digit of 925093?
9
What is the hundred thousands digit of 4479703?
4
What is the units digit of 61715?
5
What is the hundred thousands digit of 710534?
7
What is the hundred thousands digit of 1208976?
2
What is the hundreds digit of 286999?
9
What is the millions digit of 2980288?
2
What is the millions digit of 1138655?
1
What is the hundreds digit of 174039?
0
What is the units digit of 2889041?
1
What is the hundred thousands digit of 8024626?
0
What is the units digit of 12584?
4
What is the ten thousands digit of 63706?
6
What is the hundreds digit of 6507411?
4
What is the hundred thousands digit of 159204?
1
What is the tens digit of 1925683?
8
What is the units digit of 5093572?
2
What is the ten thousands digit of 6100996?
0
What is the thousands digit of 407543?
7
What is the millions digit of 1331220?
1
What is the thousands digit of 32423846?
3
What is the millions digit of 7076451?
7
What is the tens digit of 507137?
3
What is the tens digit of 251757?
5
What is the hundred thousands digit of 2244780?
2
What is the tens digit of 3835741?
4
What is the units digit of 20186126?
6
What is the millions digit of 1727080?
1
What is the hundreds digit of 361999?
9
What is the ten millions digit of 22855260?
2
What is the hundreds digit of 34861005?
0
What is the thousands digit of 2015619?
5
What is the tens digit of 33445?
4
What is the hundred thousands digit of 2694770?
6
What is the hundreds digit of 606154?
1
What is the millions digit of 5780144?
5
What is the thousands digit of 530020?
0
What is the units digit of 1650209?
9
What is the millions digit of 12371276?
2
What is the thousands digit of 348466?
8
What is the ten thousands digit of 270400?
7
What is the units digit of 35383962?
2
What is the millions digit of 1509295?
1
What is the tens digit of 165368?
6
What is the hundred thousands digit of 190953?
1
What is the ten thousands digit of 1601490?
0
What is the thousands digit of 1336072?
6
What is the tens digit of 1311877?
7
What is the hundreds digit of 167158?
1
What is the tens digit of 442688?
8
What is the thousands digit of 5042016?
2
What is the hundreds digit of 697548?
5
What is the ten thousands digit of 4071323?
7
What is the units digit of 7398664?
4
What is the units digit of 3971084?
4
What is the millions digit of 1004309?
1
What is the ten thousands digit of 3230474?
3
What is the thousands digit of 305049?
5
What is the thousands digit of 16500112?
0
What is the ten thousands digit of 1534485?
3
What is the tens digit of 2995911?
1
What is the tens digit of 7746092?
9
What is the thousands digit of 6799778?
9
What is the ten thousands digit of 3261147?
6
What is the thousands digit of 137836?
7
What is the ten thousands digit of 9479216?
7
What is the hundreds digit of 665014?
0
What is the thousands digit of 604264?
4
What is the units digit of 11327547?
7
What is the tens digit of 7239845?
4
What is the thousands digit of 482342?
2
What is the thousands digit of 6122028?
2
What is the tens digit of 79651?
5
What is the thousands digit of 1748987?
8
What is the thousands digit of 8113995?
3
What is the millions digit of 9260227?
9
What is the hundreds digit of 742072?
0
What is the ten thousands digit of 2355378?
5
What is the tens digit of 256087?
8
What is the millions digit of 3603425?
3
What is the thousands digit of 16874762?
4
What is the hundred thousands digit of 455214?
4
What is the hundred thousands digit of 2858730?
8
What is the millions digit of 2490216?
2
What is the units digit of 104897?
7
What is the hundred thousands digit of 694788?
6
What is the hundred thousands digit of 2868939?
8
What is the units digit of 174929?
9
What is the units digit of 486992?
2
What is the hundred thousands digit of 685034?
6
What is the millions digit of 1466302?
1
What is the hundred thousands digit of 108820?
1
What is the tens digit of 179000?
0
What is the hundreds digit of 203961?
9
What is the hundred thousands digit of 473568?
4
What is the units digit of 222338?
8
What is the millions digit of 2852297?
2
What is the tens digit of 1848324?
2
What is the units digit of 5873789?
9
What is the tens digit of 571750?
5
What is the hundreds digit of 39123829?
8
What is the units digit of 1110434?
4
What is the ten thousands digit of 229357?
2
What is the units digit of 4239687?
7
What is the ten thousands digit of 516132?
1
What is the millions digit of 7487921?
7
What is the units digit of 48067?
7
What is the ten thousands digit of 270944?
7
What is the millions digit of 2721853?
2
What is the units digit of 432988?
8
What is the hundred thousands digit of 260114?
2
What is the tens digit of 280185?
8
What is the units digit of 300161?
1
What is the hundred thousands digit of 3976524?
9
What is the ten thousands digit of 2525982?
2
What is the hundreds digit of 31035843?
8
What is the hundred thousands digit of 201780?
2
What is the hundreds digit of 7235446?
4
What is the hund